ctor of s?
True
Suppose 2*f - 2*o + 68 = -0*o, -9 = -3*o. Let z = 85 + f. Is (10/15)/(2/z) a multiple of 18?
True
Let v = 51 + 21. Let m = v - 17. Does 8 divide m?
False
Suppose 0 = 3*j - 4 - 44. Suppose 4*n + j = 0, 438 = 4*y + 2*n - 326. Let t = y - 115. Does 17 divide t?
False
Suppose -4 = 3*q - 10. Let m(b) = 19*b**2 - b - 6 + 29*b**q + 6. Is m(1) a multiple of 14?
False
Let y(h) = 19 + 15*h - 16*h**2 + 16 + h**3 - 23. Is 12 a factor of y(15)?
True
Let g(j) = -j**3 - 7*j**2 - 7*j - 6. Let u be g(-6). Let q be 90/4*(424/40 - 9). Suppose u = o - 4 - q. Is 13 a factor of o?
False
Suppose 128 = 4*m - 4*v, -8*v = m - 7*v - 26. Suppose 0 = -4*b - 0 + 8. Let u = m - b. Does 11 divide u?
False
Let w = 12 + -15. Let d(n) = -4*n**2 - 2*n + 4. Let y be d(w). Let p = -15 - y. Is p a multiple of 11?
True
Let t be (-6 + 8)*(-2)/1. Let n(b) = 9*b**2 - 5*b + 2. Let m be n(t). Let l = 250 - m. Does 21 divide l?
True
Let v = -363 + 440. Does 3 divide v?
False
Suppose 0 = -10*l - 10*l + 5320. Is l a multiple of 15?
False
Let w(n) = n**3 + 14*n**2 + 14*n + 15. Let l be w(-13). Suppose -4 = 4*t, -2*t - 4 = 5*x - l. Is 10 a factor of (x + -6)*(-40)/12?
True
Suppose 3 = r, 2*p - 3*p + 5*r - 10 = 0. Suppose 7 = -p*v + 3*c + 22, -4*c + 15 = 5*v. Suppose x = -5*a - 3*x + 44, v*x - 43 = -5*a. Is 8 a factor of a?
True
Suppose -16445 = 4*l - 9*l. Suppose 11*w + 0*w = l. Does 23 divide w?
True
Let r(y) = -y**2 + 8*y - 12. Let x be r(6). Suppose -5*m + 17 - 7 = x. Suppose -2*c - 44 = -3*c - 5*u, m*u = 8. Is 6 a factor of c?
True
Let j be 3/((-210)/(-61720)) - (-2)/7. Suppose 3*f - 3*x - j = -0*x, -1476 = -5*f - x. Is 19 a factor of f?
False
Let f(t) = t**2 + 3*t + 14. Let b = 22 + -28. Is f(b) a multiple of 16?
True
Let h = 23 - -4. Is 6/h - (-212)/18 a multiple of 6?
True
Suppose -4*v + 57 = 21. Suppose 2*o + 525 = v*o. Is 18 a factor of o?
False
Does 4 divide (-8)/(-252)*7 - 18350/(-45)?
True
Let q be (21/4)/(21/56). Suppose -3*f - q = -5. Let c(z) = -11*z - 1. Is 16 a factor of c(f)?
True
Let y = -4031 - -6542. Is 93 a factor of y?
True
Suppose 3*v = 8*v + 4*k - 8385, 2*v + 5*k = 3354. Does 13 divide v?
True
Let z(h) = 54*h**3 - h**2 - h + 3. Is 13 a factor of z(2)?
True
Suppose 4*l = 2*q - 4, 0 = -4*l - 0*l - 2*q - 12. Let c = -2 - l. Suppose 5*d + 4*x = 136, x + 0*x - 4 = c. Is d a multiple of 12?
True
Let v = -26 + 26. Suppose 7*y = -v*y + 392. Is 14 a factor of y?
True
Let s(u) = 2*u**2 - 2*u - 2. Let c be -2*1*8/16. Let p be s(c). Suppose -r - p = -16. Is 7 a factor of r?
True
Let q = -23 - -29. Let l = 21 - q. Suppose -l = -3*s + 135. Does 25 divide s?
True
Let j = -1307 + 2127. Does 43 divide j?
False
Suppose 0 = 16*z + 2*z - 10152. Is 47 a factor of z?
True
Suppose 4*g - 4*q + 5*q = 213, 0 = -5*q + 25. Is g a multiple of 2?
True
Suppose 0 = 2*i - u + 16, u + 10 = -3*i - u. Let q be i/9 - 28/12. Is 25 a factor of (-4)/(-6)*q + 80?
False
Let k(r) = -r**2 + 8*r - 14. Let j be k(4). Is (-40)/18 + j + (-2308)/(-18) a multiple of 16?
True
Let s(q) = 863*q + 72. Is s(2) a multiple of 5?
False
Let h(l) be the second derivative of -l**6/120 - l**5/20 + 5*l**3/6 + 2*l**2 + 3*l. Let t(u) be the first derivative of h(u). Is 7 a factor of t(-4)?
True
Suppose 485 = 5*n + 370. Does 3 divide n?
False
Let f = 4 - 2. Let z(m) = 0*m - f + m + 3 + 5. Does 10 divide z(9)?
False
Let q = -80 + 99. Is 8 a factor of q?
False
Suppose -40*l + 21*l + 13680 = 0. Is l a multiple of 18?
True
Let h be 1/(-1)*533 - 5. Let f = 810 + h. Does 34 divide f?
True
Let l(y) = -2*y - 24. Let z be l(-13). Let j be z/(-7) - 11796/(-28). Suppose -c + 184 = 2*v + 3*c, -3*c - j = -5*v. Does 22 divide v?
False
Suppose 3*j + 9*a - 1250 = 7*a, 3*a + 1245 = 3*j. Does 11 divide j?
False
Suppose 0 = 7*d + 33024 - 4849. Is (d/(-10))/7 - (-2)/(-4) a multiple of 27?
False
Suppose -8*c + 19 = -5*c - 2*z, 2*c + 2*z - 26 = 0. Suppose -c*r = 6*r - 195. Does 5 divide r?
False
Suppose 0 = 4*b - 5*y + 3 - 5, -5 = -5*b + 5*y. Let j be b/(-1) - (-33 - 6). Let w = j + 26. Is 16 a factor of w?
False
Suppose -13*d - 2 = -14*d. Suppose 3*o = -2*b + 68, 0 = -d*o + 9 - 5. Is b a multiple of 6?
False
Is 37 a factor of 0 + 8 - -1 - -1360?
True
Let h = 39 + -41. Does 7 divide 464/18 + h/(-9)?
False
Suppose -2*l + 11 = -3. Suppose -l*g + 662 = -94. Is 18 a factor of g?
True
Suppose l - 6600 = -11*l. Let u = l + -304. Is 30 a factor of u?
False
Let b(f) = 11*f - 6. Let v be b(-5). Let z = 295 + -169. Let l = z + v. Does 13 divide l?
True
Let a(u) = -36 + 85 - 9*u - 43. Does 11 divide a(-3)?
True
Let m(z) = -3*z + 8 + 4*z - 5*z. Let b be m(-3). Suppose b = -0*l + 4*l. Is l a multiple of 5?
True
Is (-361 - 3)*17/(-34) a multiple of 14?
True
Is 20 a factor of ((-1665)/(-75))/(2/30)?
False
Suppose -i - 3*h - 453 = -5*i, 565 = 5*i - 5*h. Is 52 a factor of i?
False
Let m(d) = -d**3 - 4*d**2 - 10*d + 9. Is m(-5) a multiple of 21?
True
Let z(m) be the third derivative of -m**5/60 + 3*m**4/8 + 7*m**3/6 + 4*m**2. Let s be z(9). Suppose 2*g - 11 = s. Is 3 a factor of g?
True
Let t(g) = 3*g**3 + 3*g**2 - 8*g - 8. Let r be t(4). Let n = 46 - r. Let m = n + 217. Does 7 divide m?
True
Let p(i) = 2*i + 5 + 1 - 2*i + 4*i. Let d be p(9). Suppose 0 = 4*m + 2*o - d, -5 - 43 = -5*m - 4*o. Does 12 divide m?
True
Does 38 divide (11 + (-3 - -8))*38?
True
Let b be (3/12)/(-1) - (-34)/8. Suppose -198 = -5*m - b*k, -2*k = -4*m - k + 150. Is 6 a factor of m?
False
Let v be (6/(-4))/(57/304). Let f(n) = 20*n - 88. Let m(o) = -5*o + 22. Let j(x) = 2*f(x) + 9*m(x). Is j(v) a multiple of 8?
False
Let t(w) = -3*w**2 + w + 6. Let x be t(0). Let n(q) = q**3 - 7*q**2 - 7*q - 7. Let d be n(x). Let u = d - -135. Does 11 divide u?
False
Let m = 425 - 348. Does 13 divide m?
False
Suppose 2*o - 59 = -3*z, -5*z = -3*o - 0*o - 130. Let b = 14 + -24. Let x = b + z. Is x a multiple of 13?
True
Let v(f) = -127*f + 18. Is v(-2) a multiple of 34?
True
Let a(k) = 18*k - 6. Suppose 0*x = -4*x + 20. Let h be a(x). Let s = -44 + h. Is s a multiple of 20?
True
Let z = 368 + -261. Is z a multiple of 15?
False
Let c(x) = x**2 + 13*x + 16. Let d be c(-10). Does 18 divide (21/d)/((-3)/40)?
False
Let s be (-1041)/3 - (-5)/(-5). Does 18 divide s/(-9)*6/4 - 4?
True
Suppose 0 = 835*d - 833*d - 906. Is 13 a factor of d?
False
Let w = 4 - 6. Let v be 12/(-9)*(-7 + -5). Is v + (w - -2 - 3) a multiple of 9?
False
Suppose 529 = 3*s + 4*m, -4*s + m = -180 - 557. Suppose -22 = v - 26. Suppose v*h - 29 = s. Is h a multiple of 13?
False
Let w(i) = i**2 - 10*i + 32. Is w(5) a multiple of 7?
True
Suppose 0 = -3*r - 9 + 27. Does 24 divide ((-48)/10)/(r/(-120))?
True
Let y be 8/3*(-21)/(-28). Let w be y/(3/(-12)*-2). Suppose 5*t - 4*t - 29 = z, -3*t + w*z + 86 = 0. Is 15 a factor of t?
True
Suppose 5*d = 4*d + 24. Suppose o - 6 = 2*i + 3*o, d = -4*i + 2*o. Let v(b) = -b**3 - 3*b**2 + 6*b + 4. Does 8 divide v(i)?
True
Let k(i) = i - 1. Let o be k(7). Suppose -195 = o*v - v. Let z = -11 - v. Is 28 a factor of z?
True
Let f = 11 + -13. Let d(c) = -4*c - 3. Let a be d(f). Let k = a + 27. Does 16 divide k?
True
Suppose -n = -l + 17, 0 = -3*n - n + 4. Suppose 7*r - l - 3 = 0. Suppose r*s - 113 = 70. Is 12 a factor of s?
False
Let n = -57 + 39. Let g = 15 - n. Is 7 a factor of g?
False
Is 50 a factor of (-6)/(-4) - (-23964)/24?
True
Let f(m) = 127*m**3 + 1. Let l be f(-1). Does 17 divide (-57)/2*l/27?
False
Suppose 5*r + 1 = -4*o + 16, 0 = o - 2*r - 7. Suppose 8*s = o*s + 96. Is 8 a factor of s?
True
Suppose -6*o + 25 + 35 = 0. Is 3 a factor of (0 - (-62)/2) + o/(-5)?
False
Let y(t) = 25*t + 200. Does 23 divide y(29)?
False
Suppose -4*r = -3*l + 283, -5 = r - 7. Is 2 a factor of l?
False
Let z be ((-1)/(-1))/(2/6). Suppose 41 = z*g + 4*d, 7*g - d = 2*g + 76. Suppose g = -3*o + 6*o. Is o even?
False
Suppose 1 + 2 = -b, -4*q = 5*b - 513. Is q a multiple of 6?
True
Let p be 3 + 3/(-3) - (-3)/3. Suppose 0 = -8*z + p*z + 105. Does 8 divide z?
False
Let j(m) = m**2 + 10*m. Let b be j(-10). Suppose b*c + 3*c = 30. Suppose -w = -2*k + 26, 2*k + 3*w - c = 8. Is k a multiple of 7?
False
Suppose 16*i + 4*i - 7540 = 0. Does 9 divide i?
False
Let p(v) = -2*v**3 - 7*v**2 - 3*v + 9. Suppose -4*o - 13 = 4*q + 7, 4*o + 19 = -3*q. Does 26 divide p(o)?
False
Suppose 0 = 2*v + 28 - 22. Let l be v*16/12 - 13. Does 7 divide l/(8/